ist the prime factors of s.
127
Let w(c) = 4*c - 6. Let f be w(2). Suppose 0*r - 146 = -2*s + r, -3*s = -f*r - 219. List the prime factors of s.
73
Let w(n) = 385*n - 334. What are the prime factors of w(9)?
31, 101
Let f be 2 + (2 - -1) - 4/4. Suppose f*s + 41 = 5*h + 796, 0 = 3*s - 5*h - 570. What are the prime factors of s?
5, 37
Let o be (9 - 2)/(6/168). Let d = -99 + o. List the prime factors of d.
97
Let t(q) = 1078*q**2 - 22*q + 2. List the prime factors of t(2).
2, 5, 7, 61
Suppose 3*d + 22 = -4*s, 0 = 3*s - s + 8. Let h be (-13)/(-26) + d/4. Suppose 3*g = -z + 3 + 3, h = 2*g + 10. List the prime factors of z.
3, 7
Let l = 625 - 178. What are the prime factors of l?
3, 149
Let l(v) = 39 + 31 + 36*v**2 + 2*v - 71. What are the prime factors of l(-2)?
139
Suppose -16*n + 62769 = 5*n. What are the prime factors of n?
7, 61
Let d = -36 - -38. What are the prime factors of d + (-5)/1 + 140?
137
Let r be 15/(-20) + ((-15)/(-4) - -2). Suppose 4*j = 2*c - 12 + 34, -3*c = -5*j + 25. Suppose -2 = -r*s + j. List the prime factors of s.
2
Let v(y) be the first derivative of -y**4/4 + 5*y**3/3 + 3*y**2/2 - 2*y + 3. Suppose u = 2*c - 11, 0 = -3*c + u + u + 17. List the prime factors of v(c).
13
Let l(i) = -1 - 8 - 8*i + 61*i + 2. What are the prime factors of l(1)?
2, 23
Let w(i) = -i**3 - 2*i**2 + 3*i + 140. What are the prime factors of w(0)?
2, 5, 7
Suppose 0*p + n = -4*p + 10, 5*p - 5*n - 25 = 0. Suppose 104 = 2*t - 4*m - 160, -t + 127 = -p*m. What are the prime factors of t?
2, 71
Let v(c) = c**3 - 12*c**2 + 4*c + 37. List the prime factors of v(17).
2, 5, 31
What are the prime factors of (9 + -23)*182/(-7)?
2, 7, 13
Let x(o) = -6*o - 4. Let v be x(-2). Suppose v*r = 10*r - 298. What are the prime factors of r?
149
Let u(w) = 7*w - 2. Let t be u(1). Let k be (-1)/t - (-588)/(-10). Let p = k - -117. What are the prime factors of p?
2, 29
Let x(l) = 64*l**3 + 3*l**2 - 2*l - 3. Let b(j) = 64*j**3 + 4*j**2 - 3*j - 4. Let v(n) = -2*b(n) + 3*x(n). What are the prime factors of v(1)?
2
List the prime factors of ((-28)/(-7) - -3) + 386.
3, 131
Suppose 7*s = 12951 + 9610. What are the prime factors of s?
11, 293
Let t(x) = 29*x**2 - 24*x - 52. List the prime factors of t(-13).
13, 397
Let z = 2179 + -305. What are the prime factors of z?
2, 937
Suppose 2*y - 2*d = -1 - 7, 3*d = 6. What are the prime factors of ((-2)/(-4))/(y/(-296))?
2, 37
Let x = -11 + 7. Let h be 6/(-9) + x/(-6). Suppose -3*q + 16 + 92 = h. List the prime factors of q.
2, 3
Let u(d) be the first derivative of 38*d**3/3 + 7. What are the prime factors of u(-1)?
2, 19
Let v = -5228 + 8299. List the prime factors of v.
37, 83
Let j(s) = -2*s - 49. Let u be j(12). Let v = 122 + u. List the prime factors of v.
7
Let s(o) = o**3 + 17*o**2 + 5*o - 26. List the prime factors of s(-14).
2, 3, 41
Let h = 29 - 14. Suppose h*a = 17*a - 70. What are the prime factors of a?
5, 7
Suppose 4*y + 12 = 0, -5*g - y + 9065 - 2623 = 0. What are the prime factors of g/9 + 0 + (-16)/72?
11, 13
Let n = -58 + 113. What are the prime factors of n?
5, 11
Let y(n) = 6*n - 1. Let q(z) = -z + 18. Let b be q(9). Let v be ((-12)/9)/((-2)/b). What are the prime factors of y(v)?
5, 7
Let d(w) be the first derivative of 53*w**2/2 - 5*w - 3. What are the prime factors of d(2)?
101
Let o(s) = s + 1. Let l(k) = 5*k. Suppose 0 = 4*g - 2 - 2. Let v(q) = g*l(q) - 3*o(q). List the prime factors of v(4).
5
Suppose 2*f - 3*t = 4, -3*f - 5*t + 1 + 5 = 0. List the prime factors of ((-3)/f)/(3/(-90)).
3, 5
Let g = 494 + -303. What are the prime factors of g?
191
Suppose -2139 = -2*i - y, -3*i - 2*y + 1470 = -1739. What are the prime factors of i?
1069
What are the prime factors of 4816/6 - 34/51 - 3?
17, 47
Let m = 7008 - 4324. What are the prime factors of m?
2, 11, 61
Let a(i) = -182*i - 37. What are the prime factors of a(-6)?
5, 211
Suppose -5*g = 3*f + 2*f - 20, 4*f + 3*g = 14. Suppose t - 6 = -f*t. Suppose t*s - 3*m - 3 - 5 = 0, 0 = -s - 3*m + 4. What are the prime factors of s?
2
Let v be (-2)/3 + (-1484)/42. Let n = -10 - v. List the prime factors of n.
2, 13
Let x = -59 + 318. What are the prime factors of x?
7, 37
Let j = 27 - -163. List the prime factors of j.
2, 5, 19
Suppose -1 = -d + w - 6*w, 3*d + 82 = 2*w. What are the prime factors of 50*4*(-15)/d?
5
What are the prime factors of 0 + (69 - 6*(-2)/3)?
73
Let k = 174 - 166. What are the prime factors of (402/k)/(3/16)?
2, 67
Let w = 7 + -2. Suppose -5*k = -2*g - 3*g - 160, 4*g = -w*k + 115. What are the prime factors of k?
3
Suppose -8*h + 45 = -3*h. What are the prime factors of (-4 + h + -4)*61?
61
Let w = -1411 - -3998. What are the prime factors of w?
13, 199
Let n = 10 - -48. Suppose 2*i - 5*f = 4*i - n, -3*i - 3*f + 105 = 0. Suppose -a + i = -b + 3*b, 4 = -2*b. List the prime factors of a.
43
List the prime factors of (-2)/(4*-5) + 13183114/3260.
2, 3, 337
Suppose -5*m = 10*z - 7*z - 969, -4*z + 2*m = -1266. List the prime factors of z.
2, 3, 53
Let z(d) = -d**3 + 6*d**2 - 1. Suppose -3 - 1 = -i. Let v be (-6)/3 + 2 + i. List the prime factors of z(v).
31
Suppose -20127 = -14*s - 3915. What are the prime factors of s?
2, 3, 193
Let i = -24 + 26. Let j(c) = -i + 8*c - 2*c + 2*c. List the prime factors of j(2).
2, 7
Let f(u) = -40 + 24 + 81 - u. Let i(g) = g - 64. Let s(w) = -4*f(w) - 5*i(w). What are the prime factors of s(0)?
2, 3, 5
Suppose 0 = 3*f - 7 + 10. Suppose 0 = -3*r - q - 72, q + 61 = -5*r - 59. List the prime factors of -1 - f - (r - -5).
19
Suppose 14*o + 7233 = 19*o - 3*x, 0 = -o - 4*x + 1465. What are the prime factors of o?
3, 7, 23
Let a(x) be the first derivative of x**5/60 - x**4/24 + 4*x**3/3 + 5*x**2 - 10. Let d(j) be the second derivative of a(j). What are the prime factors of d(0)?
2
Let j be (-4)/3*6/(-8). Suppose -4 = -5*a + 3*a. Suppose -j = x, -3*x - 22 = -t - a*x. List the prime factors of t.
3, 7
Suppose 10*k = r + 6*k - 339, -5*k - 339 = -r. What are the prime factors of r?
3, 113
List the prime factors of (1058/(-5) - -4)/(4/(-10)).
3, 173
Let s be 4 - (3 - -12)/(-3). Suppose -4*o + 869 = -3*a, -3*o - 8*a + 653 = -s*a. List the prime factors of o.
2, 109
Suppose 7*c = 9*c - 36. Let q = c + -11. What are the prime factors of q?
7
Let d be ((-5)/2)/((10/(-4))/5). Suppose -1 = d*q - 46. List the prime factors of q.
3
Let m = 5058 - 2250. List the prime factors of m.
2, 3, 13
Let i(q) = -2*q - 16. Let w be i(-10). Suppose -w*u + 48 = v, 0 = u - v - 10 - 2. What are the prime factors of u?
2, 3
Let h = -56 - -57. Suppose n - h - 71 = 0. What are the prime factors of n?
2, 3
Suppose -3*k + 3*s = -8 + 2, 0 = -k - 3*s + 10. Suppose -70 = 4*b - k*o - 474, -3*b + 2*o = -298. List the prime factors of b.
2, 3
Suppose 0 = 17*m - 25*m + 416. List the prime factors of m.
2, 13
Let h(n) = 92*n**3 + 11*n - 2. What are the prime factors of h(3)?
5, 503
Let c be 10/(-4)*84/35. Let z(t) = 5*t**2 - 3*t + 9. List the prime factors of z(c).
3, 23
Suppose w = 2*w - 2. Suppose 0 = 4*p + 3*m - 190, w*m + 2*m - 146 = -3*p. Let u = p - 27. What are the prime factors of u?
19
Let n(j) = j**2 - 2*j + 1. Let h be n(1). Suppose h = 2*w + 1 - 55. Suppose 3*q - 4*q = -w. What are the prime factors of q?
3
Let i = -103 + 194. Suppose 2*l - 3*l = -i. List the prime factors of l.
7, 13
Let s(m) = 1982*m + 31. List the prime factors of s(1).
3, 11, 61
Let r be 2/(-6) + (-198)/(-27). Suppose -r*c + 11*c = 468. What are the prime factors of c?
3, 13
Suppose -12 = 6*i - 2*i. List the prime factors of (-2)/(i/(-12) + 5/(-4)).
2
Let q(f) = 4*f**2 - 16*f + 112. List the prime factors of q(-18).
2, 53
Let j = -58 - -125. Let t = j - 16. What are the prime factors of t?
3, 17
List the prime factors of 2101/(-44)*208/(-4).
13, 191
Suppose 3302 = 4*v - l, 0 = -3*v - l - 107 + 2580. List the prime factors of v.
3, 5, 11
Suppose -5 = -3*n - 2. Let b be n*(2 - (-1 - -3)). Suppose -d - d + 6 = b. List the prime factors of d.
3
Let w = 108 - -140. Suppose -56 + w = 4*x. What are the prime factors of x?
2, 3
Suppose 2*x - 3*n = 4*x - 7, -5*x + 8 = -2*n. Suppose -3*d + 441 = 4*m, 0*m + 3*m = x*d + 352. List the prime factors of m.
2, 3, 19
Suppose -4*q + 245 = -3*l, 2*q + 2*q - 239 = l. Suppose 0 = -q*s + 55*s + 812. What are the prime factors of s?
7, 29
What are the prime facto